t is the thousands digit of 240557960?
7
What is the thousands digit of 2421293019?
3
What is the tens digit of 632981008?
0
What is the tens digit of 377428404?
0
What is the millions digit of 111482421?
1
What is the millions digit of 202863026?
2
What is the thousands digit of 741493298?
3
What is the hundred thousands digit of 64224218?
2
What is the hundreds digit of 12972355?
3
What is the ten thousands digit of 297506164?
0
What is the units digit of 43544188?
8
What is the thousands digit of 71570616?
0
What is the tens digit of 125118071?
7
What is the hundred millions digit of 1674338056?
6
What is the billions digit of 1949542032?
1
What is the units digit of 86969324?
4
What is the thousands digit of 107793340?
3
What is the hundred thousands digit of 255742681?
7
What is the ten thousands digit of 19218298?
1
What is the tens digit of 15630217?
1
What is the hundred millions digit of 812963684?
8
What is the hundred thousands digit of 546022651?
0
What is the hundred millions digit of 263805441?
2
What is the hundred thousands digit of 5288376?
2
What is the hundreds digit of 356332225?
2
What is the hundreds digit of 375865239?
2
What is the ten thousands digit of 19805056?
0
What is the hundred millions digit of 926943770?
9
What is the hundred thousands digit of 1046724644?
7
What is the hundreds digit of 5788334703?
7
What is the hundred millions digit of 1016170110?
0
What is the ten millions digit of 23828444?
2
What is the ten millions digit of 1628703481?
2
What is the millions digit of 187063134?
7
What is the ten thousands digit of 28735830?
3
What is the ten thousands digit of 118299345?
9
What is the tens digit of 122128674?
7
What is the hundred thousands digit of 34328094?
3
What is the millions digit of 6383044142?
3
What is the units digit of 10022161?
1
What is the ten millions digit of 478489215?
7
What is the ten thousands digit of 171515547?
1
What is the hundred millions digit of 535251114?
5
What is the millions digit of 259659427?
9
What is the tens digit of 1207299738?
3
What is the thousands digit of 418688191?
8
What is the units digit of 6168626398?
8
What is the tens digit of 3941679?
7
What is the hundreds digit of 13753058?
0
What is the hundred thousands digit of 129254088?
2
What is the thousands digit of 100767960?
7
What is the tens digit of 11364405?
0
What is the hundreds digit of 5616736510?
5
What is the hundreds digit of 1452574964?
9
What is the hundred thousands digit of 39104511?
1
What is the thousands digit of 1815617890?
7
What is the millions digit of 50029980?
0
What is the ten millions digit of 657220134?
5
What is the units digit of 196706537?
7
What is the hundreds digit of 26049028?
0
What is the hundred thousands digit of 1303818234?
8
What is the ten millions digit of 1222058441?
2
What is the units digit of 75308894?
4
What is the ten millions digit of 17486182?
1
What is the units digit of 274885078?
8
What is the tens digit of 1702297424?
2
What is the hundred thousands digit of 8942182?
9
What is the units digit of 3469193102?
2
What is the thousands digit of 1776564429?
4
What is the millions digit of 4114841832?
4
What is the ten thousands digit of 127422191?
2
What is the millions digit of 375278720?
5
What is the tens digit of 152560284?
8
What is the ten millions digit of 141445458?
4
What is the units digit of 74026508?
8
What is the units digit of 31239634?
4
What is the units digit of 218326984?
4
What is the thousands digit of 1877214835?
4
What is the ten millions digit of 20201035?
2
What is the thousands digit of 257193719?
3
What is the tens digit of 676297109?
0
What is the hundred millions digit of 419421052?
4
What is the hundred millions digit of 489742487?
4
What is the thousands digit of 89719404?
9
What is the millions digit of 1073886599?
3
What is the ten thousands digit of 173442851?
4
What is the ten thousands digit of 978862504?
6
What is the hundred millions digit of 115660004?
1
What is the hundred thousands digit of 55882471?
8
What is the hundred thousands digit of 16738332?
7
What is the ten millions digit of 23171692?
2
What is the hundreds digit of 979350681?
6
What is the hundred millions digit of 587042231?
5
What is the thousands digit of 2912788249?
8
What is the ten thousands digit of 42827773?
2
What is the ten millions digit of 39386128?
3
What is the hundred millions digit of 605494266?
6
What is the tens digit of 167879672?
7
What is the hundreds digit of 77449990?
9
What is the ten thousands digit of 472965365?
6
What is the thousands digit of 87500330?
0
What is the millions digit of 167336959?
7
What is the hundred thousands digit of 3379682662?
6
What is the hundred thousands digit of 254293049?
2
What is the ten millions digit of 11219496?
1
What is the units digit of 7867917514?
4
What is the thousands digit of 35029522?
9
What is the units digit of 642630217?
7
What is the hundred millions digit of 404909645?
4
What is the tens digit of 2663685544?
4
What is the hundred thousands digit of 167299022?
2
What is the ten millions digit of 1771028046?
7
What is the millions digit of 2048714615?
8
What is the tens digit of 5281577212?
1
What is the ten thousands digit of 130519277?
1
What is the tens digit of 4351869987?
8
What is the hundreds digit of 27388902?
9
What is the ten thousands digit of 1052491075?
9
What is the millions digit of 29304691?
9
What is the ten thousands digit of 83289069?
8
What is the millions digit of 1925200015?
5
What is the tens digit of 72168806?
0
What is the tens digit of 96868912?
1
What is the millions digit of 1126241436?
6
What is the millions digit of 30008009?
0
What is the millions digit of 6153148?
6
What is the tens digit of 27398881?
8
What is the millions digit of 1149810285?
9
What is the thousands digit of 1477958807?
8
What is the units digit of 864829690?
0
What is the tens digit of 674326215?
1
What is the thousands digit of 11872335?
2
What is the hundred millions digit of 1644533576?
6
What is the ten thousands digit of 120414178?
1
What is the hundreds digit of 12775102?
1
What is the tens digit of 250496213?
1
What is the millions digit of 2816339016?
6
What is the hundred thousands digit of 55272562?
2
What is the thousands digit of 3411590924?
0
What is the ten millions digit of 583498159?
8
What is the millions digit of 3370999?
3
What is the tens digit of 86354283?
8
What is the units digit of 442432413?
3
What is the tens digit of 342145447?
4
What is the ten thousands digit of 68612136?
1
What is the millions digit of 1632658299?
2
What is the millions digit of 46797404?
6
What is the tens digit of 915043893?
9
What is the millions digit of 1605923815?
5
What is the billions digit of 5404151178?
5
What is the hundred thousands digit of 106742292?
7
What is the units digit of 1094487041?
1
What is the units digit of 178109917?
7
What is the thousands digit of 3656515821?
5
What is the units digit of 1858099148?
8
What is the tens digit of 1644889115?
1
What is the millions digit of 17971039?
7
What is the millions digit of 49456455?
9
What is the ten millions digit of 1666701865?
6
What is the units digit of 233513089?
9
What is the units digit of 1086662067?
7
What is the thousands digit of 668949183?
9
What is the billions digit of 1085791803?
1
What is the billions digit of 2358912160?
2
What is the thousands digit of 431551231?
1
What is the ten thousands digit of 2635037793?
3
What is the tens digit of 1095132212?
1
What is the hundreds digit of 1463134834?
8
What is the hundred thousands digit of 628125900?
1
What is the hundreds digit of 210891361?
3
What is the hundred thousands digit of 12287318?
2
What is the millions digit of 13855713?
3
What is the hundred millions digit of 404933069?
4
What is the billions digit of 6942003981?
6
What is the tens digit of 6960869228?
2
What is the units digit of 1420674912?
2
What is the ten thousands digit of 1649041630?
4
What is the units digit of 201279280?
0
What is the ten thousands digit of 121716039?
1
What is the ten millions digit of 108505949?
0
What is the ten millions digit of 5157791493?
5
What is the ten millions digit of 488488890?
8
What is the ten thousands digit of 2840575?
4
What is the hundred thousands d